{"id":21,"date":"2020-03-30T09:17:02","date_gmt":"2020-03-30T09:17:02","guid":{"rendered":"http:\/\/tobiasmerk.com\/?page_id=21"},"modified":"2020-04-01T07:39:38","modified_gmt":"2020-04-01T07:39:38","slug":"tobias-merk","status":"publish","type":"page","link":"https:\/\/tobiasmerk.com\/","title":{"rendered":"Digital Imaging Technician"},"content":{"rendered":"\n<figure class=\"wp-block-image size-large\"><img loading=\"lazy\" decoding=\"async\" width=\"839\" height=\"1024\" src=\"http:\/\/tobiasmerk.com\/wp-content\/uploads\/2020\/03\/1110897-839x1024.jpg\" alt=\"\" class=\"wp-image-6\" srcset=\"https:\/\/tobiasmerk.com\/wp-content\/uploads\/2020\/03\/1110897-839x1024.jpg 839w, https:\/\/tobiasmerk.com\/wp-content\/uploads\/2020\/03\/1110897-246x300.jpg 246w, https:\/\/tobiasmerk.com\/wp-content\/uploads\/2020\/03\/1110897-768x938.jpg 768w, https:\/\/tobiasmerk.com\/wp-content\/uploads\/2020\/03\/1110897-1258x1536.jpg 1258w, https:\/\/tobiasmerk.com\/wp-content\/uploads\/2020\/03\/1110897-1678x2048.jpg 1678w\" sizes=\"(max-width: 839px) 100vw, 839px\" \/><\/figure>\n\n\n\n<p class=\"has-normal-font-size\">L\u00f6sungen f\u00fcr Daten- und Colormanagement am Set. F\u00fcr reibungslose Workflows biete ich eine aktive Zusammenarbeit mit dem Kameradepartment und der Postproduktion. Dies erm\u00f6glicht die Erstellung eines individualisierten Workflows, welcher auf die Besonderheiten der Produktion abgestimmt ist. Die Leistungen beinhalten unter anderem Datensicherung mit mehrfachen Kopien, das Erstellen von Schnittmustern und eine Farbkorrektur am Set &#8222;Firstlight&#8220;. Weitere Leistungen k\u00f6nnen z.B. Live Farbkorrekturen &#8222;Live Grading&#8220; oder andere individuell auf die Produktion abgestimmte Arbeitsschritte sein.<\/p>\n","protected":false},"excerpt":{"rendered":"<p>L\u00f6sungen f\u00fcr Daten- und Colormanagement am Set. F\u00fcr reibungslose Workflows biete ich eine aktive Zusammenarbeit mit dem Kameradepartment und der Postproduktion. Dies erm\u00f6glicht die Erstellung eines individualisierten Workflows, welcher auf die Besonderheiten der Produktion abgestimmt ist. Die Leistungen beinhalten unter anderem Datensicherung mit mehrfachen Kopien, das Erstellen von Schnittmustern und eine Farbkorrektur am Set &#8222;Firstlight&#8220;.&hellip;<\/p>\n","protected":false},"author":1,"featured_media":0,"parent":0,"menu_order":0,"comment_status":"closed","ping_status":"closed","template":"","meta":{"footnotes":""},"_links":{"self":[{"href":"https:\/\/tobiasmerk.com\/index.php?rest_route=\/wp\/v2\/pages\/21"}],"collection":[{"href":"https:\/\/tobiasmerk.com\/index.php?rest_route=\/wp\/v2\/pages"}],"about":[{"href":"https:\/\/tobiasmerk.com\/index.php?rest_route=\/wp\/v2\/types\/page"}],"author":[{"embeddable":true,"href":"https:\/\/tobiasmerk.com\/index.php?rest_route=\/wp\/v2\/users\/1"}],"replies":[{"embeddable":true,"href":"https:\/\/tobiasmerk.com\/index.php?rest_route=%2Fwp%2Fv2%2Fcomments&post=21"}],"version-history":[{"count":4,"href":"https:\/\/tobiasmerk.com\/index.php?rest_route=\/wp\/v2\/pages\/21\/revisions"}],"predecessor-version":[{"id":34,"href":"https:\/\/tobiasmerk.com\/index.php?rest_route=\/wp\/v2\/pages\/21\/revisions\/34"}],"wp:attachment":[{"href":"https:\/\/tobiasmerk.com\/index.php?rest_route=%2Fwp%2Fv2%2Fmedia&parent=21"}],"curies":[{"name":"wp","href":"https:\/\/api.w.org\/{rel}","templated":true}]}}